{"id":4927,"date":"2019-11-05T14:16:14","date_gmt":"2025-02-17T13:55:07","guid":{"rendered":"https:\/\/voorhuys.hosting-by.webinteractive.nl\/product\/bauern-kilo-salzlos\/"},"modified":"2026-01-26T08:21:29","modified_gmt":"2026-01-26T07:21:29","slug":"bauern-kilo-salzlos","status":"publish","type":"product","link":"https:\/\/kaashandelvoorhuysbrielle.nl\/?produkt=bauern-kilo-salzlos&lang=de","title":{"rendered":"Bauern Kilo Salzlos"},"content":{"rendered":"<p><img decoding=\"async\" class=\"alignnone size-medium wp-image-1714\" src=\"https:\/\/voorhuys.hosting-by.webinteractive.nl\/wp-content\/uploads\/2017\/06\/Boer.-Pond-Brandn.-48-0.5K-131907.jpg\" alt=\"\" width=\"300\" height=\"200\" srcset=\"https:\/\/kaashandelvoorhuysbrielle.nl\/wp-content\/uploads\/2017\/06\/Boer.-Pond-Brandn.-48-0.5K-131907.jpg 1200w, https:\/\/kaashandelvoorhuysbrielle.nl\/wp-content\/uploads\/2017\/06\/Boer.-Pond-Brandn.-48-0.5K-131907-416x277.jpg 416w, https:\/\/kaashandelvoorhuysbrielle.nl\/wp-content\/uploads\/2017\/06\/Boer.-Pond-Brandn.-48-0.5K-131907-300x200.jpg 300w, https:\/\/kaashandelvoorhuysbrielle.nl\/wp-content\/uploads\/2017\/06\/Boer.-Pond-Brandn.-48-0.5K-131907-768x512.jpg 768w, https:\/\/kaashandelvoorhuysbrielle.nl\/wp-content\/uploads\/2017\/06\/Boer.-Pond-Brandn.-48-0.5K-131907-1024x683.jpg 1024w, https:\/\/kaashandelvoorhuysbrielle.nl\/wp-content\/uploads\/2017\/06\/Boer.-Pond-Brandn.-48-0.5K-131907-340x227.jpg 340w, https:\/\/kaashandelvoorhuysbrielle.nl\/wp-content\/uploads\/2017\/06\/Boer.-Pond-Brandn.-48-0.5K-131907-580x387.jpg 580w, https:\/\/kaashandelvoorhuysbrielle.nl\/wp-content\/uploads\/2017\/06\/Boer.-Pond-Brandn.-48-0.5K-131907-880x587.jpg 880w\" sizes=\"(max-width: 300px) 100vw, 300px\" \/><\/p>\n<p>AUFGRUND DES STARKEN ANSTIEGS DER K\u00c4SEPREISE, DIE DERZEIT VON UNSEREM LIEFERANTEN WEITERGEGEBEN WERDEN, SIND WIR LEIDER GEZWUNGEN, DIE PREISE F\u00dcR DIE SALZLOSEN K\u00c4SESORTEN DEUTLICH ZU ERH\u00d6HEN!<\/p>\n<p>Handgemachter Rohmilchk\u00e4se ohne Salz oder andere Zusatzstoffe. Die K\u00e4selaibe wiegen je nach Alter zwischen 800-1000 Gramm.<\/p>\n<p>Diese K\u00e4sesorten sind nicht in unseren Regalen zu finden und m\u00fcssen vom Bauern bezogen werden. Wir holen diese jeden Samstagmorgen fr\u00fch ab und versenden sie dann nur einmal pro Woche, und zwar am Montag. Wir m\u00f6chten die Bestellung dann bis 16 Uhr am\u00a0 Freitag erhalten.<\/p>\n","protected":false},"excerpt":{"rendered":"<p>&nbsp;<\/p>\n<p><strong>AUFGRUND DES STARKEN ANSTIEGS DER K\u00c4SEPREISE, DIE DERZEIT VON UNSEREM LIEFERANTEN WEITERGEGEBEN WERDEN, SIND WIR LEIDER GEZWUNGEN, DIE PREISE F\u00dcR DIE SALZLOSEN K\u00c4SESORTEN DEUTLICH ZU ERH\u00d6HEN!<\/strong><\/p>\n<p>Rohmilchk\u00e4se ohne Salz oder andere Zusatzstoffe.<\/p>\n<p><strong>Achtung! Diese K\u00e4sesorten sind nicht in unseren Regalen zu finden und m\u00fcssen vom Bauern bezogen werden. Wir holen diese jeden Samstagmorgen fr\u00fch ab und versenden sie dann nur einmal pro Woche, und zwar am Montag. Wir m\u00f6chten die Bestellung dann bis 16 Uhr am vorhergehenden Freitag erhalten.<\/strong><\/p>\n","protected":false},"featured_media":1716,"comment_status":"open","ping_status":"closed","template":"","meta":[],"product_brand":[],"product_cat":[639,225],"product_tag":[],"class_list":{"0":"post-4927","1":"product","2":"type-product","3":"status-publish","4":"has-post-thumbnail","6":"product_cat-andere-de","7":"product_cat-salzloser-kase-de","8":"pa_gewicht-pro-stuck","10":"first","11":"instock","12":"taxable","13":"shipping-taxable","14":"purchasable","15":"product-type-variable","16":"has-default-attributes"},"_links":{"self":[{"href":"https:\/\/kaashandelvoorhuysbrielle.nl\/index.php?rest_route=\/wp\/v2\/product\/4927","targetHints":{"allow":["GET"]}}],"collection":[{"href":"https:\/\/kaashandelvoorhuysbrielle.nl\/index.php?rest_route=\/wp\/v2\/product"}],"about":[{"href":"https:\/\/kaashandelvoorhuysbrielle.nl\/index.php?rest_route=\/wp\/v2\/types\/product"}],"replies":[{"embeddable":true,"href":"https:\/\/kaashandelvoorhuysbrielle.nl\/index.php?rest_route=%2Fwp%2Fv2%2Fcomments&post=4927"}],"wp:featuredmedia":[{"embeddable":true,"href":"https:\/\/kaashandelvoorhuysbrielle.nl\/index.php?rest_route=\/wp\/v2\/media\/1716"}],"wp:attachment":[{"href":"https:\/\/kaashandelvoorhuysbrielle.nl\/index.php?rest_route=%2Fwp%2Fv2%2Fmedia&parent=4927"}],"wp:term":[{"taxonomy":"product_brand","embeddable":true,"href":"https:\/\/kaashandelvoorhuysbrielle.nl\/index.php?rest_route=%2Fwp%2Fv2%2Fproduct_brand&post=4927"},{"taxonomy":"product_cat","embeddable":true,"href":"https:\/\/kaashandelvoorhuysbrielle.nl\/index.php?rest_route=%2Fwp%2Fv2%2Fproduct_cat&post=4927"},{"taxonomy":"product_tag","embeddable":true,"href":"https:\/\/kaashandelvoorhuysbrielle.nl\/index.php?rest_route=%2Fwp%2Fv2%2Fproduct_tag&post=4927"}],"curies":[{"name":"wp","href":"https:\/\/api.w.org\/{rel}","templated":true}]}}