{"id":2788,"date":"2017-05-25T13:35:17","date_gmt":"2017-05-25T11:35:17","guid":{"rendered":"https:\/\/voorhuys.hosting-by.webinteractive.nl\/product\/boerenleidse-kaas-20-belegen\/"},"modified":"2024-01-22T09:36:50","modified_gmt":"2024-01-22T08:36:50","slug":"boerenleidse-kaas-20-belegen","status":"publish","type":"product","link":"https:\/\/kaashandelvoorhuysbrielle.nl\/?produkt=boerenleidse-kaas-20-belegen&lang=de","title":{"rendered":"Boerenleidse 20+  belegen"},"content":{"rendered":"<p>Boeren Leidse ist ein jahrhundertealter magerer Bauernhofk\u00e4se. Weil die rohe Kuhmilch so viel Aroma und Zusatz von K\u00fcmmel hat, ist der Boeren Leidse so reich im Geschmack. Dieser K\u00e4se ist ungef\u00e4hr 6 Monate gereift.<\/p>\n","protected":false},"excerpt":{"rendered":"<p>Magerer gereifter Bauernk\u00e4se<\/p>\n","protected":false},"featured_media":1404,"comment_status":"open","ping_status":"closed","template":"","meta":[],"product_brand":[],"product_cat":[223,576],"product_tag":[],"class_list":{"0":"post-2788","1":"product","2":"type-product","3":"status-publish","4":"has-post-thumbnail","6":"product_cat-bauernkase-de","7":"product_cat-magerkase-r","8":"pa_allergenen-kuhmilcheiweis","9":"pa_bereding-bauernkase","10":"pa_bestanddelen-e251-de","11":"pa_bestanddelen-farbstoff-e610b","12":"pa_bestanddelen-kreuzkummel","13":"pa_bestanddelen-lebstremsel-de","14":"pa_bestanddelen-rohe-kuhmilch-nl","15":"pa_bestanddelen-salz","16":"pa_bestanddelen-saure","17":"pa_gewicht-1000g-de","18":"pa_gewicht-500g-de","19":"pa_herkomst-die-niederlande","20":"pa_leeftijd-gereift","21":"pa_melkbehandeling-rohmilch","22":"pa_melksoort-kuhmilch","23":"pa_regio-nordholland","24":"pa_smaak-etwas-wurzig","25":"pa_smaakbeleving-etwas-wurzig","26":"pa_structuur-fest-und-trocken","28":"first","29":"instock","30":"taxable","31":"shipping-taxable","32":"purchasable","33":"product-type-variable","34":"has-default-attributes"},"_links":{"self":[{"href":"https:\/\/kaashandelvoorhuysbrielle.nl\/index.php?rest_route=\/wp\/v2\/product\/2788","targetHints":{"allow":["GET"]}}],"collection":[{"href":"https:\/\/kaashandelvoorhuysbrielle.nl\/index.php?rest_route=\/wp\/v2\/product"}],"about":[{"href":"https:\/\/kaashandelvoorhuysbrielle.nl\/index.php?rest_route=\/wp\/v2\/types\/product"}],"replies":[{"embeddable":true,"href":"https:\/\/kaashandelvoorhuysbrielle.nl\/index.php?rest_route=%2Fwp%2Fv2%2Fcomments&post=2788"}],"wp:featuredmedia":[{"embeddable":true,"href":"https:\/\/kaashandelvoorhuysbrielle.nl\/index.php?rest_route=\/wp\/v2\/media\/1404"}],"wp:attachment":[{"href":"https:\/\/kaashandelvoorhuysbrielle.nl\/index.php?rest_route=%2Fwp%2Fv2%2Fmedia&parent=2788"}],"wp:term":[{"taxonomy":"product_brand","embeddable":true,"href":"https:\/\/kaashandelvoorhuysbrielle.nl\/index.php?rest_route=%2Fwp%2Fv2%2Fproduct_brand&post=2788"},{"taxonomy":"product_cat","embeddable":true,"href":"https:\/\/kaashandelvoorhuysbrielle.nl\/index.php?rest_route=%2Fwp%2Fv2%2Fproduct_cat&post=2788"},{"taxonomy":"product_tag","embeddable":true,"href":"https:\/\/kaashandelvoorhuysbrielle.nl\/index.php?rest_route=%2Fwp%2Fv2%2Fproduct_tag&post=2788"}],"curies":[{"name":"wp","href":"https:\/\/api.w.org\/{rel}","templated":true}]}}