{"id":2764,"date":"2017-05-22T21:26:51","date_gmt":"2017-05-22T19:26:51","guid":{"rendered":"https:\/\/voorhuys.hosting-by.webinteractive.nl\/product\/weydeland-kaas-jong-belegen\/"},"modified":"2024-01-22T09:15:03","modified_gmt":"2024-01-22T08:15:03","slug":"weydeland-kaas-jong-belegen","status":"publish","type":"product","link":"https:\/\/kaashandelvoorhuysbrielle.nl\/?produkt=weydeland-kaas-jong-belegen&lang=de","title":{"rendered":"Cono Jong Belegen"},"content":{"rendered":"<p>Der junge, reife Weydeland-K\u00e4se verdankt seinen Geschmack einer 8-w\u00f6chigen Reifung in einem konditionierten K\u00e4selager, in dem eine konstante Luftfeuchtigkeit und Temperatur herrscht. Im Jahr 2015 wurde dieser K\u00e4se als &#8220;bester K\u00e4se in den Niederlanden!&#8221; Bezeichnet.<\/p>\n<p>Tipp:<br \/>\nProbieren Sie diese Variante mit einem Baguette mit frischer Ananas und Schinken. Nur im Ofen und Schlemmen!<\/p>\n","protected":false},"excerpt":{"rendered":"<p>Nordholl\u00e4ndischer reifer K\u00e4se aus dem Beemster<\/p>\n","protected":false},"featured_media":4737,"comment_status":"open","ping_status":"closed","template":"","meta":[],"product_brand":[],"product_cat":[203],"product_tag":[],"class_list":{"0":"post-2764","1":"product","2":"type-product","3":"status-publish","4":"has-post-thumbnail","6":"product_cat-hollandischer-kase","7":"pa_allergenen-kuhmilcheiweis","8":"pa_allergenen-laktose","9":"pa_bereding-fabrikkase","10":"pa_bestanddelen-e251-de-2","11":"pa_bestanddelen-e509-de","12":"pa_bestanddelen-farbstoff-e160b","13":"pa_bestanddelen-lebstremsel-de","14":"pa_bestanddelen-pasteurisierte-kuhmilch-nl","15":"pa_bestanddelen-salz","16":"pa_bestanddelen-saure","17":"pa_gewicht-1000g-de","18":"pa_gewicht-500g-de","19":"pa_herkomst-die-niederlande","20":"pa_leeftijd-junge-reifen","21":"pa_melkbehandeling-pasteurisiert","22":"pa_melksoort-kuhmilch","23":"pa_regio-beemster-de","24":"pa_smaak-cremig","25":"pa_smaakbeleving-mild-de","26":"pa_structuur-belastbar","27":"pa_structuur-cremig","29":"first","30":"instock","31":"taxable","32":"shipping-taxable","33":"purchasable","34":"product-type-variable","35":"has-default-attributes"},"_links":{"self":[{"href":"https:\/\/kaashandelvoorhuysbrielle.nl\/index.php?rest_route=\/wp\/v2\/product\/2764","targetHints":{"allow":["GET"]}}],"collection":[{"href":"https:\/\/kaashandelvoorhuysbrielle.nl\/index.php?rest_route=\/wp\/v2\/product"}],"about":[{"href":"https:\/\/kaashandelvoorhuysbrielle.nl\/index.php?rest_route=\/wp\/v2\/types\/product"}],"replies":[{"embeddable":true,"href":"https:\/\/kaashandelvoorhuysbrielle.nl\/index.php?rest_route=%2Fwp%2Fv2%2Fcomments&post=2764"}],"wp:featuredmedia":[{"embeddable":true,"href":"https:\/\/kaashandelvoorhuysbrielle.nl\/index.php?rest_route=\/wp\/v2\/media\/4737"}],"wp:attachment":[{"href":"https:\/\/kaashandelvoorhuysbrielle.nl\/index.php?rest_route=%2Fwp%2Fv2%2Fmedia&parent=2764"}],"wp:term":[{"taxonomy":"product_brand","embeddable":true,"href":"https:\/\/kaashandelvoorhuysbrielle.nl\/index.php?rest_route=%2Fwp%2Fv2%2Fproduct_brand&post=2764"},{"taxonomy":"product_cat","embeddable":true,"href":"https:\/\/kaashandelvoorhuysbrielle.nl\/index.php?rest_route=%2Fwp%2Fv2%2Fproduct_cat&post=2764"},{"taxonomy":"product_tag","embeddable":true,"href":"https:\/\/kaashandelvoorhuysbrielle.nl\/index.php?rest_route=%2Fwp%2Fv2%2Fproduct_tag&post=2764"}],"curies":[{"name":"wp","href":"https:\/\/api.w.org\/{rel}","templated":true}]}}