{"id":2683,"date":"2017-05-22T21:00:42","date_gmt":"2017-05-22T19:00:42","guid":{"rendered":"https:\/\/voorhuys.hosting-by.webinteractive.nl\/product\/weydeland-kaas-jong\/"},"modified":"2024-01-22T09:15:56","modified_gmt":"2024-01-22T08:15:56","slug":"weydeland-kaas-jong","status":"publish","type":"product","link":"https:\/\/kaashandelvoorhuysbrielle.nl\/?produkt=weydeland-kaas-jong&lang=de","title":{"rendered":"Cono Jong"},"content":{"rendered":"<p>Das junge Weydeland wird traditionell aus frischer holl\u00e4ndischer Milch hergestellt. Dieser K\u00e4se reifte 4 Wochen lang im Lager, wodurch ein geschmeidiger, k\u00f6stlich cremiger K\u00e4se entsteht.<\/p>\n<p>Tipp:<br \/>\nProbieren Sie den Jonge Weydeland in einem frischen Salat aus Zichorie, Mandarine und Apfel.<\/p>\n","protected":false},"excerpt":{"rendered":"<p>Nordholl\u00e4ndischer junger K\u00e4se aus dem Beemster<\/p>\n","protected":false},"featured_media":4737,"comment_status":"open","ping_status":"closed","template":"","meta":[],"product_brand":[],"product_cat":[203],"product_tag":[],"class_list":{"0":"post-2683","1":"product","2":"type-product","3":"status-publish","4":"has-post-thumbnail","6":"product_cat-hollandischer-kase","7":"pa_allergenen-kuhmilcheiweis","8":"pa_allergenen-laktose","9":"pa_bereding-fabrikkase","10":"pa_bestanddelen-e251-de-2","11":"pa_bestanddelen-e509-de","12":"pa_bestanddelen-farbstoff-e160b","13":"pa_bestanddelen-lebstremsel-de","14":"pa_bestanddelen-pasteurisierte-kuhmilch-nl","15":"pa_bestanddelen-salz","16":"pa_bestanddelen-saure","17":"pa_gewicht-1000g-de","18":"pa_gewicht-500g-de","19":"pa_herkomst-die-niederlande","20":"pa_leeftijd-jung","21":"pa_melkbehandeling-pasteurisiert","22":"pa_melksoort-kuhmilch","23":"pa_regio-beemster-de","24":"pa_smaak-cremig","25":"pa_smaakbeleving-weich","26":"pa_structuur-verschmiert","28":"first","29":"instock","30":"taxable","31":"shipping-taxable","32":"purchasable","33":"product-type-variable","34":"has-default-attributes"},"_links":{"self":[{"href":"https:\/\/kaashandelvoorhuysbrielle.nl\/index.php?rest_route=\/wp\/v2\/product\/2683","targetHints":{"allow":["GET"]}}],"collection":[{"href":"https:\/\/kaashandelvoorhuysbrielle.nl\/index.php?rest_route=\/wp\/v2\/product"}],"about":[{"href":"https:\/\/kaashandelvoorhuysbrielle.nl\/index.php?rest_route=\/wp\/v2\/types\/product"}],"replies":[{"embeddable":true,"href":"https:\/\/kaashandelvoorhuysbrielle.nl\/index.php?rest_route=%2Fwp%2Fv2%2Fcomments&post=2683"}],"wp:featuredmedia":[{"embeddable":true,"href":"https:\/\/kaashandelvoorhuysbrielle.nl\/index.php?rest_route=\/wp\/v2\/media\/4737"}],"wp:attachment":[{"href":"https:\/\/kaashandelvoorhuysbrielle.nl\/index.php?rest_route=%2Fwp%2Fv2%2Fmedia&parent=2683"}],"wp:term":[{"taxonomy":"product_brand","embeddable":true,"href":"https:\/\/kaashandelvoorhuysbrielle.nl\/index.php?rest_route=%2Fwp%2Fv2%2Fproduct_brand&post=2683"},{"taxonomy":"product_cat","embeddable":true,"href":"https:\/\/kaashandelvoorhuysbrielle.nl\/index.php?rest_route=%2Fwp%2Fv2%2Fproduct_cat&post=2683"},{"taxonomy":"product_tag","embeddable":true,"href":"https:\/\/kaashandelvoorhuysbrielle.nl\/index.php?rest_route=%2Fwp%2Fv2%2Fproduct_tag&post=2683"}],"curies":[{"name":"wp","href":"https:\/\/api.w.org\/{rel}","templated":true}]}}