{"id":1632,"date":"2017-06-04T15:57:18","date_gmt":"2017-06-04T13:57:18","guid":{"rendered":"https:\/\/voorhuys.hosting-by.webinteractive.nl\/product\/ohne-salz-boerenkaas\/"},"modified":"2026-02-13T13:21:45","modified_gmt":"2026-02-13T12:21:45","slug":"zoutloze-boerenkaas-d","status":"publish","type":"product","link":"https:\/\/kaashandelvoorhuysbrielle.nl\/?produkt=zoutloze-boerenkaas-d&lang=de","title":{"rendered":"Salzloser Bauernk\u00e4se"},"content":{"rendered":"<p><strong>IM ZUSAMMENHANG MIT DEN EXTREM ERH\u00d6HTEN K\u00c4SEPREISEN, DIE DERZEIT VON UNSEREM LIEFERANTEN IN RECHNUNG GESTELLT WERDEN, SIND WIR LEIDER NOTWENDIG, UM DIE SALZFREIEN K\u00c4SESORTEN IM PREIS ERHEBLICH ZU ERH\u00d6HEN<\/strong><\/p>\n<p>Salzloser Bauernk\u00e4se von etwa 1 Kilo. Erh\u00e4ltlich in verschiedenen Geschmacksrichtungen. Ohne Salz oder andere Zus\u00e4tze. Wir empfehlen, die salzfreien Pfund in 2 Teilen zu saugen. Wenn Sie m\u00f6chten, k\u00f6nnen Sie dies mit den Bestellhinweisen angeben.<\/p>\n<p><strong>Passt auf! Diese K\u00e4sesorten sind nicht in unserem Gesch\u00e4ft und m\u00fcssen vom Landwirt abgeholt werden. Wir holen diese jeden Freitag ab und werden dann am Montag nur einmal pro Woche verschickt. Wir m\u00f6chten die Bestellung am Freitag vor 16 Uhr erhalten.<\/strong><\/p>\n","protected":false},"excerpt":{"rendered":"<p><strong>IM ZUSAMMENHANG MIT DEN EXTREM ERH\u00d6HTEN K\u00c4SEPREISEN, DIE DERZEIT VON UNSEREM LIEFERANTEN IN RECHNUNG GESTELLT WERDEN, SIND WIR LEIDER NOTWENDIG, UM DIE SALZFREIEN K\u00c4SESORTEN IM PREIS ERHEBLICH ZU ERH\u00d6HEN<\/strong><\/p>\n<p>Echter Rohmilchbauerk\u00e4se ohne Salz oder andere Zus\u00e4tze<\/p>\n<p><strong>Passt auf! Diese K\u00e4sesorten sind nicht in unserem Gesch\u00e4ft und m\u00fcssen vom Landwirt abgeholt werden. Wir holen diese jeden Samstagmorgen fr\u00fch ab und werden dann am Montag nur einmal pro Woche verschickt. Wir m\u00f6chten die Bestellung am Freitag vor 16 Uhr erhalten.<\/strong><\/p>\n","protected":false},"featured_media":1961,"comment_status":"open","ping_status":"closed","template":"","meta":[],"product_brand":[],"product_cat":[223,573,225],"product_tag":[],"class_list":{"0":"post-1632","1":"product","2":"type-product","3":"status-publish","4":"has-post-thumbnail","6":"product_cat-bauernkase-de","7":"product_cat-rohmilchkaese","8":"product_cat-salzloser-kase-de","10":"first","11":"instock","12":"taxable","13":"shipping-taxable","14":"purchasable","15":"product-type-variable"},"_links":{"self":[{"href":"https:\/\/kaashandelvoorhuysbrielle.nl\/index.php?rest_route=\/wp\/v2\/product\/1632","targetHints":{"allow":["GET"]}}],"collection":[{"href":"https:\/\/kaashandelvoorhuysbrielle.nl\/index.php?rest_route=\/wp\/v2\/product"}],"about":[{"href":"https:\/\/kaashandelvoorhuysbrielle.nl\/index.php?rest_route=\/wp\/v2\/types\/product"}],"replies":[{"embeddable":true,"href":"https:\/\/kaashandelvoorhuysbrielle.nl\/index.php?rest_route=%2Fwp%2Fv2%2Fcomments&post=1632"}],"wp:featuredmedia":[{"embeddable":true,"href":"https:\/\/kaashandelvoorhuysbrielle.nl\/index.php?rest_route=\/wp\/v2\/media\/1961"}],"wp:attachment":[{"href":"https:\/\/kaashandelvoorhuysbrielle.nl\/index.php?rest_route=%2Fwp%2Fv2%2Fmedia&parent=1632"}],"wp:term":[{"taxonomy":"product_brand","embeddable":true,"href":"https:\/\/kaashandelvoorhuysbrielle.nl\/index.php?rest_route=%2Fwp%2Fv2%2Fproduct_brand&post=1632"},{"taxonomy":"product_cat","embeddable":true,"href":"https:\/\/kaashandelvoorhuysbrielle.nl\/index.php?rest_route=%2Fwp%2Fv2%2Fproduct_cat&post=1632"},{"taxonomy":"product_tag","embeddable":true,"href":"https:\/\/kaashandelvoorhuysbrielle.nl\/index.php?rest_route=%2Fwp%2Fv2%2Fproduct_tag&post=1632"}],"curies":[{"name":"wp","href":"https:\/\/api.w.org\/{rel}","templated":true}]}}