{"id":809,"date":"2017-04-22T12:28:22","date_gmt":"2017-04-22T10:28:22","guid":{"rendered":"https:\/\/voorhuys.hosting-by.webinteractive.nl\/?page_id=809"},"modified":"2018-12-13T15:39:22","modified_gmt":"2018-12-13T14:39:22","slug":"about-us","status":"publish","type":"page","link":"https:\/\/kaashandelvoorhuysbrielle.nl\/?page_id=809&lang=de","title":{"rendered":"\u00dcber uns"},"content":{"rendered":"<h1>Herzlich willkommen<\/h1>\n<p>K\u00e4segesch\u00e4fte &#8217;t Voorhuys ist in der Stadt Brielle seit vielen Generationen das einzige Fachgesch\u00e4ft f\u00fcr K\u00e4se, Wurstwaren, Delikatessen und Wein, w\u00e4hrend &#8220;boerenkaasonline&#8221;, niederl\u00e4ndisch f\u00fcr Bauernk\u00e4se online, 2015 als Online-Initiative f\u00fcr das Unternehmen eingerichtet wurde Wir liefern wirklich einzigartigen holl\u00e4ndischen Bauernk\u00e4se an Kunden im In- und Ausland.<\/p>\n<h2>Zeiten \u00e4ndern sich<\/h2>\n<p>Da nun auch unsere Kunden vor Ort online bestellen m\u00f6chten und unsere traditionellen Online-Kunden gleichzeitig ein umfangreicheres Angebot anfordern, besteht Bedarf an Innovation. Daher wurde im April 2017 beschlossen, den bestehenden Webshop zu modernisieren und um ein gr\u00f6\u00dferes lokales Sortiment zu erweitern, sodass unsere Kunden unsere Produkte rund um die Uhr von unserer Website aus bestellen k\u00f6nnen, lokal und weiter entfernt. Offensichtlich bleibt &#8220;Kaashandel &#8217;t Voorhuys&#8221; das Aush\u00e4ngeschild.<\/p>\n<p>Wir helfen Ihnen gerne in unserem Gesch\u00e4ft in Brielle oder <a href=\"https:\/\/voorhuys.hosting-by.webinteractive.nl\/webshop\/?lang=de\">online<\/a>.<\/p>\n<p>Kirsten van Jole<\/p>\n<p>&nbsp;<\/p>\n<p><em>Besonderer Hinweis: Niederl\u00e4ndisch ist nat\u00fcrlich unsere Muttersprache. Wir haben uns entschieden, den K\u00e4se f\u00fcr unsere deutschen Kunden unter ihrem niederl\u00e4ndischen Namen zu pr\u00e4sentieren. Gleichzeitig werden die Beschreibung des K\u00e4ses und auch alle Eigenschaften des K\u00e4ses in die deutsche Sprache \u00fcbersetzt. Sehen Sie einen \u00dcbersetzungsfehler? Lass es uns wissen, dann passen wir es an. Vielen Dank.<\/em><\/p>\n","protected":false},"excerpt":{"rendered":"<p>Herzlich willkommen K\u00e4segesch\u00e4fte &#8217;t Voorhuys ist in der Stadt Brielle seit vielen Generationen das einzige Fachgesch\u00e4ft f\u00fcr K\u00e4se, Wurstwaren, Delikatessen und Wein, w\u00e4hrend &#8220;boerenkaasonline&#8221;, niederl\u00e4ndisch f\u00fcr Bauernk\u00e4se online, 2015 als Online-Initiative f\u00fcr das Unternehmen eingerichtet wurde Wir liefern wirklich einzigartigen holl\u00e4ndischen Bauernk\u00e4se an Kunden im In- und Ausland. Zeiten \u00e4ndern sich Da nun auch unsere [&hellip;]<\/p>\n","protected":false},"author":1,"featured_media":1036,"parent":0,"menu_order":0,"comment_status":"closed","ping_status":"closed","template":"","meta":{"footnotes":""},"class_list":["post-809","page","type-page","status-publish","has-post-thumbnail","hentry"],"_links":{"self":[{"href":"https:\/\/kaashandelvoorhuysbrielle.nl\/index.php?rest_route=\/wp\/v2\/pages\/809","targetHints":{"allow":["GET"]}}],"collection":[{"href":"https:\/\/kaashandelvoorhuysbrielle.nl\/index.php?rest_route=\/wp\/v2\/pages"}],"about":[{"href":"https:\/\/kaashandelvoorhuysbrielle.nl\/index.php?rest_route=\/wp\/v2\/types\/page"}],"author":[{"embeddable":true,"href":"https:\/\/kaashandelvoorhuysbrielle.nl\/index.php?rest_route=\/wp\/v2\/users\/1"}],"replies":[{"embeddable":true,"href":"https:\/\/kaashandelvoorhuysbrielle.nl\/index.php?rest_route=%2Fwp%2Fv2%2Fcomments&post=809"}],"version-history":[{"count":9,"href":"https:\/\/kaashandelvoorhuysbrielle.nl\/index.php?rest_route=\/wp\/v2\/pages\/809\/revisions"}],"predecessor-version":[{"id":2820,"href":"https:\/\/kaashandelvoorhuysbrielle.nl\/index.php?rest_route=\/wp\/v2\/pages\/809\/revisions\/2820"}],"wp:featuredmedia":[{"embeddable":true,"href":"https:\/\/kaashandelvoorhuysbrielle.nl\/index.php?rest_route=\/wp\/v2\/media\/1036"}],"wp:attachment":[{"href":"https:\/\/kaashandelvoorhuysbrielle.nl\/index.php?rest_route=%2Fwp%2Fv2%2Fmedia&parent=809"}],"curies":[{"name":"wp","href":"https:\/\/api.w.org\/{rel}","templated":true}]}}