{"id":768,"date":"2017-04-21T17:24:38","date_gmt":"2017-04-21T15:24:38","guid":{"rendered":"https:\/\/voorhuys.hosting-by.webinteractive.nl\/?page_id=768"},"modified":"2018-12-11T16:05:32","modified_gmt":"2018-12-11T15:05:32","slug":"boerenkaasonline","status":"publish","type":"page","link":"https:\/\/kaashandelvoorhuysbrielle.nl\/?page_id=768&lang=de","title":{"rendered":"Boerenkaasonline"},"content":{"rendered":"<div id=\"lipsum\">\n<h1>Willkommen bei Boerenkaasonline<\/h1>\n<p>Boerenkaas Online wurde von uns im Jahr 2012 als Online-Shop f\u00fcr besonders k\u00f6stliche Bauernk\u00e4se begonnen.<\/p>\n<p>Und es war schon ein Experiment.<\/p>\n<p>Anscheinend treffen wir ein Bedarf f\u00fcr unser Bauernk\u00e4se da es\u00a0jetzt \u00fcberall in den Niederlanden, sondern auch weit \u00fcber unsere Grenzen hinaus wie Belgien, Deutschland, Frankreich, Spanien und selbst Rusland, \u00a0wird unsere K\u00e4se immer mehr gesch\u00e4tzt. Durch, und aus diesem Grunde haben wir die Online-Dienste und den Bereich mit hochwertigen K\u00e4sen verbessert, die wir seit Jahren von unserem Gesch\u00e4ft in Brielle tragen.<\/p>\n<p>Wir m\u00f6chten Sie in unserem K\u00e4seladen in Ihrem m\u00f6glichen n\u00e4chsten Besuch Brielle treffen, damit wir Sie pers\u00f6nlich treffen k\u00f6nnen. Inzwischen bieten\u00a0wir Ihnen 24\/7 Service in unserem <a href=\"https:\/\/voorhuys.hosting-by.webinteractive.nl\/webshop\/?lang=de\">Shop<\/a>.<\/p>\n<p>Kirsten van Jole\n<\/p><\/div>\n<p>&nbsp;<br \/>\nNachfolgend werden die beliebtesten Produkte angezeigt. Sie k\u00f6nnen Ihre Wahl sofort treffen!<\/p>\n<div class=\"woocommerce columns-4 \"><\/div>\n","protected":false},"excerpt":{"rendered":"<p>Willkommen bei Boerenkaasonline Boerenkaas Online wurde von uns im Jahr 2012 als Online-Shop f\u00fcr besonders k\u00f6stliche Bauernk\u00e4se begonnen. Und es war schon ein Experiment. Anscheinend treffen wir ein Bedarf f\u00fcr unser Bauernk\u00e4se da es\u00a0jetzt \u00fcberall in den Niederlanden, sondern auch weit \u00fcber unsere Grenzen hinaus wie Belgien, Deutschland, Frankreich, Spanien und selbst Rusland, \u00a0wird unsere [&hellip;]<\/p>\n","protected":false},"author":1,"featured_media":3442,"parent":0,"menu_order":0,"comment_status":"closed","ping_status":"closed","template":"","meta":{"footnotes":""},"class_list":["post-768","page","type-page","status-publish","has-post-thumbnail","hentry"],"_links":{"self":[{"href":"https:\/\/kaashandelvoorhuysbrielle.nl\/index.php?rest_route=\/wp\/v2\/pages\/768","targetHints":{"allow":["GET"]}}],"collection":[{"href":"https:\/\/kaashandelvoorhuysbrielle.nl\/index.php?rest_route=\/wp\/v2\/pages"}],"about":[{"href":"https:\/\/kaashandelvoorhuysbrielle.nl\/index.php?rest_route=\/wp\/v2\/types\/page"}],"author":[{"embeddable":true,"href":"https:\/\/kaashandelvoorhuysbrielle.nl\/index.php?rest_route=\/wp\/v2\/users\/1"}],"replies":[{"embeddable":true,"href":"https:\/\/kaashandelvoorhuysbrielle.nl\/index.php?rest_route=%2Fwp%2Fv2%2Fcomments&post=768"}],"version-history":[{"count":8,"href":"https:\/\/kaashandelvoorhuysbrielle.nl\/index.php?rest_route=\/wp\/v2\/pages\/768\/revisions"}],"predecessor-version":[{"id":2525,"href":"https:\/\/kaashandelvoorhuysbrielle.nl\/index.php?rest_route=\/wp\/v2\/pages\/768\/revisions\/2525"}],"wp:featuredmedia":[{"embeddable":true,"href":"https:\/\/kaashandelvoorhuysbrielle.nl\/index.php?rest_route=\/wp\/v2\/media\/3442"}],"wp:attachment":[{"href":"https:\/\/kaashandelvoorhuysbrielle.nl\/index.php?rest_route=%2Fwp%2Fv2%2Fmedia&parent=768"}],"curies":[{"name":"wp","href":"https:\/\/api.w.org\/{rel}","templated":true}]}}