{"id":2567,"date":"2018-12-11T19:44:07","date_gmt":"2018-12-11T18:44:07","guid":{"rendered":"https:\/\/voorhuys.hosting-by.webinteractive.nl\/?page_id=2567"},"modified":"2018-12-11T19:44:07","modified_gmt":"2018-12-11T18:44:07","slug":"quittungspruefung","status":"publish","type":"page","link":"https:\/\/kaashandelvoorhuysbrielle.nl\/?page_id=2567&lang=de","title":{"rendered":"Quittungspr\u00fcfung"},"content":{"rendered":"<h3>Vakuumverpackung pr\u00fcfen<\/h3>\n<h4>Vakuumverpackung pr\u00fcfen<\/h4>\n<p>Wir achten sehr auf die Verpackung des K\u00e4ses. Aller Hartk\u00e4se wird von uns sorgf\u00e4ltig vakuumverpackt. Es kann jedoch nicht ausgeschlossen werden, dass das Vakuum in irgendeiner Weise beispielsweise w\u00e4hrend des Transports abnimmt. Es kann auch vorkommen, dass die Vakuumverpackung besch\u00e4digt wird, wenn die Bestellung ausgepackt wird oder wenn sie in den K\u00fchlschrank gestellt wird.<\/p>\n<p>Sobald die Verpackung von Lebensmitteln ausl\u00e4uft oder besch\u00e4digt ist, l\u00e4uft das Verfallsdatum nat\u00fcrlich aus. Dies gilt nicht nur f\u00fcr K\u00e4se, sondern f\u00fcr alle frischen Produkte wie Fleischprodukte, Milchprodukte, Brot usw. Wenn die Verpackung des Produkts besch\u00e4digt ist oder undicht ist, kann sich Schimmel bilden.<\/p>\n<p>Wir bitten alle unsere Kunden, bei jeder Bestellung von vakuumverpacktem K\u00e4se folgendes zu beachten:<\/p>\n<ol>\n<li>Pr\u00fcfen Sie sofort nach Erhalt der Bestellung, ob die Vakuumverpackung der K\u00e4sest\u00fccke noch intakt ist.<\/li>\n<li>Wenn die Vakuumverpackung lose ist (auch wenn dies nur ein kleines St\u00fcck ist), empfehlen wir Ihnen, den K\u00e4se innerhalb von 7 Tagen zu verbrauchen oder uns direkt zu kontaktieren: klantenservice@voorhuys.hosting-by.webinteractive.nl.<\/li>\n<\/ol>\n<p>Reklamationen wegen einer nicht schlie\u00dfenden Vakuumverpackung, die nach 1 Tag bei uns eingehen (berechnet ab dem Tag der Lieferung), k\u00f6nnen wir leider nicht mehr bearbeiten.<\/p>\n","protected":false},"excerpt":{"rendered":"<p>Vakuumverpackung pr\u00fcfen Vakuumverpackung pr\u00fcfen Wir achten sehr auf die Verpackung des K\u00e4ses. Aller Hartk\u00e4se wird von uns sorgf\u00e4ltig vakuumverpackt. Es kann jedoch nicht ausgeschlossen werden, dass das Vakuum in irgendeiner Weise beispielsweise w\u00e4hrend des Transports abnimmt. Es kann auch vorkommen, dass die Vakuumverpackung besch\u00e4digt wird, wenn die Bestellung ausgepackt wird oder wenn sie in den [&hellip;]<\/p>\n","protected":false},"author":1,"featured_media":0,"parent":0,"menu_order":0,"comment_status":"closed","ping_status":"closed","template":"","meta":{"footnotes":""},"class_list":["post-2567","page","type-page","status-publish","hentry"],"_links":{"self":[{"href":"https:\/\/kaashandelvoorhuysbrielle.nl\/index.php?rest_route=\/wp\/v2\/pages\/2567","targetHints":{"allow":["GET"]}}],"collection":[{"href":"https:\/\/kaashandelvoorhuysbrielle.nl\/index.php?rest_route=\/wp\/v2\/pages"}],"about":[{"href":"https:\/\/kaashandelvoorhuysbrielle.nl\/index.php?rest_route=\/wp\/v2\/types\/page"}],"author":[{"embeddable":true,"href":"https:\/\/kaashandelvoorhuysbrielle.nl\/index.php?rest_route=\/wp\/v2\/users\/1"}],"replies":[{"embeddable":true,"href":"https:\/\/kaashandelvoorhuysbrielle.nl\/index.php?rest_route=%2Fwp%2Fv2%2Fcomments&post=2567"}],"version-history":[{"count":2,"href":"https:\/\/kaashandelvoorhuysbrielle.nl\/index.php?rest_route=\/wp\/v2\/pages\/2567\/revisions"}],"predecessor-version":[{"id":2572,"href":"https:\/\/kaashandelvoorhuysbrielle.nl\/index.php?rest_route=\/wp\/v2\/pages\/2567\/revisions\/2572"}],"wp:attachment":[{"href":"https:\/\/kaashandelvoorhuysbrielle.nl\/index.php?rest_route=%2Fwp%2Fv2%2Fmedia&parent=2567"}],"curies":[{"name":"wp","href":"https:\/\/api.w.org\/{rel}","templated":true}]}}