{"id":2545,"date":"2018-12-11T18:50:02","date_gmt":"2018-12-11T17:50:02","guid":{"rendered":"https:\/\/voorhuys.hosting-by.webinteractive.nl\/?page_id=2545"},"modified":"2018-12-11T18:54:58","modified_gmt":"2018-12-11T17:54:58","slug":"lieferung-von-kaese-in-den-niederlanden","status":"publish","type":"page","link":"https:\/\/kaashandelvoorhuysbrielle.nl\/?page_id=2545&lang=de","title":{"rendered":"Lieferung von K\u00e4se in den Niederlanden"},"content":{"rendered":"<h3>Lieferung von K\u00e4se in den Niederlanden<\/h3>\n<p>Wir arbeiten mit PostNL zusammen, um Ihre Bestellung innerhalb der Niederlande zu versenden.<br \/>\nHaben Sie eine Bestellung von mehr als 10 Kilo, wird es mit DPD oder DHL geliefert.<\/p>\n<p><strong>Wann wird die Bestellung verschickt?<\/strong><\/p>\n<p>Sobald wir Ihre Bestellung und Zahlung erhalten haben, behalten wir uns 1 &#8211; 3 Tage Zeit, um Ihre Bestellung zu bearbeiten. Wenn ein Artikel unerwartet nicht auf Lager ist, verl\u00e4ngert sich die Lieferzeit um h\u00f6chstens 5 zus\u00e4tzliche Arbeitstage. Falls ein Artikel nicht innerhalb von 8 Arbeitstagen verschickt werden kann, erhalten Sie eine Nachricht.<\/p>\n<p><strong>Der Versand unseres salzfreien K\u00e4ses erfolgt einmal w\u00f6chentlich und mittwochs!<\/strong><\/p>\n<p>Sobald wir Ihre Bestellung gepackt haben, erhalten Sie eine E-Mail mit einem Track &amp; Trace-Link, mit dem Sie Ihre Bestellung verfolgen k\u00f6nnen.<\/p>\n<h4>Auftrags- und Liefertage<\/h4>\n<p>Die Lieferung der Bestellungen erfolgt von Dienstag bis Samstag. Sonn- und Feiertage werden nicht geliefert. Diese Einschr\u00e4nkung hat mit der Sorgfalt zu tun, mit der wir K\u00e4se behandeln, K\u00e4se k\u00f6nnte am Wochenende l\u00e4ngst verschwunden sein. Die Qualit\u00e4t kann daher beeintr\u00e4chtigt werden. Bestellungen, die am Freitag nach 14:00 Uhr eintreffen, werden daher am Montag vorbereitet und versendet.<\/p>\n<h4>Versandkosten<\/h4>\n<h5>PostNL<\/h5>\n<ul>\n<li>Bei einer Bestellung bis zu \u20ac 75, &#8211; betragen die Versandkosten \u20ac 6,50<\/li>\n<li>Ab \u20ac 75, &#8211; \u00fcbernehmen wir die Versandkosten<\/li>\n<\/ul>\n","protected":false},"excerpt":{"rendered":"<p>Lieferung von K\u00e4se in den Niederlanden Wir arbeiten mit PostNL zusammen, um Ihre Bestellung innerhalb der Niederlande zu versenden. Haben Sie eine Bestellung von mehr als 10 Kilo, wird es mit DPD oder DHL geliefert. Wann wird die Bestellung verschickt? Sobald wir Ihre Bestellung und Zahlung erhalten haben, behalten wir uns 1 &#8211; 3 Tage [&hellip;]<\/p>\n","protected":false},"author":1,"featured_media":0,"parent":0,"menu_order":0,"comment_status":"closed","ping_status":"closed","template":"","meta":{"footnotes":""},"class_list":["post-2545","page","type-page","status-publish","hentry"],"_links":{"self":[{"href":"https:\/\/kaashandelvoorhuysbrielle.nl\/index.php?rest_route=\/wp\/v2\/pages\/2545","targetHints":{"allow":["GET"]}}],"collection":[{"href":"https:\/\/kaashandelvoorhuysbrielle.nl\/index.php?rest_route=\/wp\/v2\/pages"}],"about":[{"href":"https:\/\/kaashandelvoorhuysbrielle.nl\/index.php?rest_route=\/wp\/v2\/types\/page"}],"author":[{"embeddable":true,"href":"https:\/\/kaashandelvoorhuysbrielle.nl\/index.php?rest_route=\/wp\/v2\/users\/1"}],"replies":[{"embeddable":true,"href":"https:\/\/kaashandelvoorhuysbrielle.nl\/index.php?rest_route=%2Fwp%2Fv2%2Fcomments&post=2545"}],"version-history":[{"count":4,"href":"https:\/\/kaashandelvoorhuysbrielle.nl\/index.php?rest_route=\/wp\/v2\/pages\/2545\/revisions"}],"predecessor-version":[{"id":2552,"href":"https:\/\/kaashandelvoorhuysbrielle.nl\/index.php?rest_route=\/wp\/v2\/pages\/2545\/revisions\/2552"}],"wp:attachment":[{"href":"https:\/\/kaashandelvoorhuysbrielle.nl\/index.php?rest_route=%2Fwp%2Fv2%2Fmedia&parent=2545"}],"curies":[{"name":"wp","href":"https:\/\/api.w.org\/{rel}","templated":true}]}}